1 a prime number?
True
Is 38077681 a prime number?
False
Is 419201 a prime number?
True
Is 62271317 composite?
False
Is 45378419 prime?
False
Is 3752491 composite?
True
Is 6106299 a prime number?
False
Is 48253411 composite?
True
Is 16694417 composite?
True
Is 207221863 a composite number?
False
Is 14144717 prime?
True
Is 16290787 prime?
True
Is 480409 composite?
False
Is 4177961 composite?
True
Is 28945183 prime?
False
Is 2020471 a composite number?
False
Is 160561103 a composite number?
True
Is 9588091 prime?
True
Is 23613951 composite?
True
Is 491585453 composite?
True
Is 12409297 a prime number?
False
Is 27224077 a prime number?
True
Is 156817 composite?
False
Is 487637 a composite number?
False
Is 59021663 prime?
False
Is 72493721 a composite number?
True
Is 5753351 a prime number?
True
Is 2625961 composite?
True
Is 438395 composite?
True
Is 104621983 a prime number?
True
Is 366385857 a composite number?
True
Is 1372601 prime?
False
Is 7109423 a prime number?
True
Is 21204619 a composite number?
False
Is 688482071 composite?
False
Is 1392955 prime?
False
Is 33831017 a composite number?
True
Is 2562262 a composite number?
True
Is 55365161 composite?
True
Is 34492261 composite?
False
Is 31640593 a composite number?
True
Is 360597277 composite?
False
Is 12153397 a composite number?
False
Is 24556033 a composite number?
True
Is 8915183 composite?
True
Is 16948117 composite?
False
Is 172360829 a composite number?
False
Is 125525399 a composite number?
True
Is 25349347 composite?
False
Is 13861031 a prime number?
False
Is 33917 a prime number?
False
Is 3863363 composite?
True
Is 6608321 prime?
True
Is 496061 a prime number?
False
Is 703459 a composite number?
False
Is 141851 composite?
False
Is 62404577 prime?
True
Is 123294061 composite?
True
Is 147458603 a composite number?
False
Is 37124929 prime?
True
Is 6569083 a prime number?
True
Is 45092249 prime?
True
Is 80067413 a prime number?
True
Is 435103 a composite number?
False
Is 12682877 a composite number?
False
Is 260111 a prime number?
True
Is 72401227 prime?
True
Is 1178698 a prime number?
False
Is 442299811 prime?
False
Is 82848929 a composite number?
False
Is 117280687 a prime number?
True
Is 798355249 a prime number?
True
Is 958463 a prime number?
False
Is 3613013 composite?
True
Is 900547 prime?
False
Is 1421819 a composite number?
True
Is 43534781 a composite number?
False
Is 1504213 a composite number?
True
Is 59365187 a composite number?
True
Is 4261127 prime?
False
Is 55154863 prime?
False
Is 9439 a composite number?
False
Is 205459 a composite number?
True
Is 1239022 a prime number?
False
Is 2953553 a prime number?
False
Is 17567807 composite?
False
Is 7947487 a prime number?
True
Is 55417933 a composite number?
True
Is 72251 composite?
False
Is 429083 prime?
True
Is 316541 a prime number?
False
Is 317171341 prime?
False
Is 377521121 a composite number?
False
Is 41699531 composite?
False
Is 11046041 a composite number?
True
Is 814493 prime?
True
Is 1952543 prime?
False
Is 200681077 composite?
False
Is 59739467 composite?
False
Is 110596793 prime?
True
Is 601001 a composite number?
True
Is 4078469 prime?
True
Is 3763139 a prime number?
False
Is 10963021 composite?
True
Is 5148641 prime?
False
Is 16385021 composite?
True
Is 27776261 composite?
False
Is 1182901 prime?
True
Is 115340671 composite?
True
Is 6149281 a composite number?
True
Is 316961033 a composite number?
True
Is 36318847 composite?
True
Is 27553523 a prime number?
True
Is 463629557 a prime number?
True
Is 597950719 a composite number?
True
Is 327238193 a prime number?
False
Is 3499729 composite?
True
Is 30204373 prime?
False
Is 48442034 composite?
True
Is 23999329 a composite number?
False
Is 15034813 a composite number?
False
Is 4003973 a prime number?
True
Is 55015151 prime?
False
Is 16981577 a prime number?
True
Is 21746387 a composite number?
True
Is 3748237 a composite number?
True
Is 116575289 a prime number?
True
Is 1123051 composite?
False
Is 42238869 prime?
False
Is 593549 composite?
True
Is 4224319 prime?
False
Is 8384435 a composite number?
True
Is 36647537 prime?
True
Is 1294643 a prime number?
False
Is 6024874 a prime number?
False
Is 3160519 a prime number?
True
Is 16259443 a composite number?
True
Is 9981667 composite?
True
Is 92553943 prime?
True
Is 10004537 composite?
True
Is 25377311 a prime number?
False
Is 2192363 prime?
True
Is 91229 a composite number?
False
Is 673633 prime?
False
Is 125374589 prime?
True
Is 8298937 prime?
True
Is 1056355 a composite number?
True
Is 60155143 prime?
False
Is 22771157 composite?
True
Is 15665413 composite?
True
Is 48586589 a composite number?
False
Is 2011829 prime?
False
Is 62063517 a composite number?
True
Is 7823215 a prime number?
False
Is 56308683 a prime number?
False
Is 9545717 a prime number?
True
Is 171107 a composite number?
True
Is 5961259 prime?
True
Is 22480607 a prime number?
False
Is 157877053 a prime number?
True
Is 6375401 a composite number?
False
Is 8917819 composite?
True
Is 7571843 a composite number?
True
Is 494566381 a prime number?
False
Is 38217 composite?
True
Is 555383 prime?
True
Is 935073379 a prime number?
False
Is 10455989 a composite number?
False
Is 30002647 a prime number?
True
Is 291320593 composite?
False
Is 22668749 a composite number?
True
Is 112225081 composite?
False
Is 101484227 a composite number?
True
Is 23141689 a composite number?
False
Is 7750339 a prime number?
True
Is 19310293 composite?
True
Is 9255949 a composite number?
True
Is 3787489 composite?
True
Is 13566607 prime?
True
Is 1427479 prime?
True
Is 83130787 a prime number?
True
Is 71544442 prime?
False
Is 988328987 a composite number?
True
Is 66654881 a composite number?
False
Is 3787283 a composite number?
True
Is 162012931 a prime number?
True
Is 14828107 composite?
True
Is 8142434 prime?
False
Is 407497 a composite number?
True
Is 568105 a prime number?
False
Is 89980963 prime?
True
Is 36050349 a composite number?
True
Is 7735733 prime?
True
Is 1365701 a prime number?
False
Is 4995167 prime?
False
Is 199856051 a composite number?
False
Is 5148119 a composite number?
False
Is 63965801 composite?
True
Is 3905809 composite?
False
Is 35074889 composite?
False
Is 561551 a composite number?
False
Is 85180871 a prime number?
False
Is 132678127 a composite number?
False
Is 30813891 a prime number?
False
Is 470863 a composite number?
False
Is 3483421 composite?
True
Is 10294841 a prime number?
True
Is 2705951 composite?
False
Is 18715897 a prime number?
False
Is 44267605 a composite number?
True
Is 4795367 composite?
False
Is 11934739 a prime number?
True
Is 7868953 a composite number?
True
Is 21539533 a prime number?
False
Is 421297 prime?
False
Is 6677309 a prime number?
True
Is 73091 composite?
False
Is 746237 composite?
True
Is 296610227 prime?
True
Is 16682726 a prime number?
False
Is 197828293 a prime number?
False
Is 943445233 prime?
True
Is 323859827 a composite number?
False
Is 304936169 a prime number?
True
Is 456985921 prime?
False
Is 18761647 a composite number?
False
Is 83161811 composite?
False
Is 1885649 a prime number?
True
Is 168409 prime?
True
Is 2268542 a composite number?
True
Is 90697759 a composite number?
False
Is 11026291 prime?
True
Is 88039031 a composite number?
False
Is 28263649 a prime number?
True
Is 1942013 composite?
True
Is 178507649 composite?
True
Is 26421337 a composite number?
False
Is 50091047 a prime number?
False
Is 4582441 composite?
False
Is 1713949 prime?
False
Is 12866929 composite?
False
Is 148632131 a prime number?
True
Is 233171 composite?
True
Is 12900757 a composite number?
False
Is 148575547 a composite number?
False
Is 2069905 composite?
True
Is 63351121 prime?
True
Is 154660745 a prime number?
False
Is 7870739 prime?
True
Is 1975571 a composite number?
True
Is 9252533 a composite number?
True
Is 74675015 composite?
True
Is 184190519 a prime number?
True
Is 8657503 composite?
False
Is 14010767 prime?
False
Is 3827366 prime?
False
Is 1923365 a prime number?
False
Is 2413421 a prime number?
True
Is 17901517 composite?
False
Is 4778693 a composite number?
False
Is 12151543 prime?
False
Is 3650051 a composite number?
False
Is 9259487 prime?
True
Is 274327873 composite?
False
Is 2356477 a prime number?
False
Is 6875351